{"id":173,"date":"2022-04-02T17:58:03","date_gmt":"2022-04-02T15:58:03","guid":{"rendered":"https:\/\/corumtechnologies.com\/?page_id=173"},"modified":"2022-05-03T15:45:20","modified_gmt":"2022-05-03T13:45:20","slug":"173-2","status":"publish","type":"page","link":"https:\/\/corumtechnologies.com\/","title":{"rendered":""},"content":{"rendered":"\n<h1 class=\"wp-block-heading\"><\/h1>\n\n\n\n<h1 class=\"has-text-align-center has-text-color wp-block-heading\" style=\"color:#1e5569;font-size:46px;font-style:normal;font-weight:100;text-transform:uppercase;letter-spacing:12px\"><strong>Zbuduj Z Nami Sw\u00f3j Rozw\u00f3j Gospodarczy<\/strong><\/h1>\n\n\n\n<p><\/p>\n\n\n\n<div class=\"wp-block-image is-style-default\"><figure class=\"aligncenter size-full is-resized\"><img loading=\"lazy\" decoding=\"async\" src=\"https:\/\/corumtechnologies.com\/wp-content\/uploads\/2022\/04\/logo_kolor_male-1.jpg\" alt=\"\" class=\"wp-image-91\" width=\"225\" height=\"225\" srcset=\"https:\/\/corumtechnologies.com\/wp-content\/uploads\/2022\/04\/logo_kolor_male-1.jpg 300w, https:\/\/corumtechnologies.com\/wp-content\/uploads\/2022\/04\/logo_kolor_male-1-150x150.jpg 150w\" sizes=\"auto, (max-width: 225px) 100vw, 225px\" \/><figcaption> <\/figcaption><\/figure><\/div>\n\n\n\n<div class=\"wp-block-cover alignfull is-light\" style=\"min-height:496px;aspect-ratio:unset;\"><span aria-hidden=\"true\" class=\"wp-block-cover__gradient-background has-background-dim\" style=\"background-color:#bdbdbd\"><\/span><img loading=\"lazy\" decoding=\"async\" width=\"612\" height=\"367\" class=\"wp-block-cover__image-background wp-image-187\" alt=\"\" src=\"https:\/\/corumtechnologies.com\/wp-content\/uploads\/2022\/04\/Light_grey.png\" data-object-fit=\"cover\" srcset=\"https:\/\/corumtechnologies.com\/wp-content\/uploads\/2022\/04\/Light_grey.png 612w, https:\/\/corumtechnologies.com\/wp-content\/uploads\/2022\/04\/Light_grey-300x180.png 300w\" sizes=\"auto, (max-width: 612px) 100vw, 612px\" \/><div class=\"wp-block-cover__inner-container is-layout-flow wp-block-cover-is-layout-flow\">\n<h2 class=\"has-text-align-center has-large-font-size wp-block-heading\" style=\"text-transform:uppercase;letter-spacing:10px\">ZAUFANIE<br><br><\/h2>\n\n\n\n<h2 class=\"alignwide has-text-align-center wp-block-heading\" style=\"font-size:32px;font-style:normal;font-weight:100;letter-spacing:1.5px\">Specjalizujemy si\u0119 w obs\u0142udze transfer\u00f3w technologii <br>oraz produkcji technologicznej.<br><br>Mamy zaufanie wiod\u0105cych zespo\u0142\u00f3w z kraj\u00f3w Europy i Azji.  <br><\/h2>\n<\/div><\/div>\n\n\n\n<p><\/p>\n\n\n\n<figure class=\"wp-block-image alignfull size-large\"><img loading=\"lazy\" decoding=\"async\" width=\"1024\" height=\"731\" src=\"http:\/\/corumtechnologies.com\/wp-content\/uploads\/2022\/04\/Projekt-1024x731.jpg\" alt=\"\" class=\"wp-image-440\" srcset=\"https:\/\/corumtechnologies.com\/wp-content\/uploads\/2022\/04\/Projekt-1024x731.jpg 1024w, https:\/\/corumtechnologies.com\/wp-content\/uploads\/2022\/04\/Projekt-300x214.jpg 300w, https:\/\/corumtechnologies.com\/wp-content\/uploads\/2022\/04\/Projekt-768x549.jpg 768w, https:\/\/corumtechnologies.com\/wp-content\/uploads\/2022\/04\/Projekt-1536x1097.jpg 1536w, https:\/\/corumtechnologies.com\/wp-content\/uploads\/2022\/04\/Projekt-2048x1463.jpg 2048w\" sizes=\"auto, (max-width: 1024px) 100vw, 1024px\" \/><\/figure>\n\n\n\n<p><\/p>\n\n\n\n<div class=\"wp-block-cover alignfull is-light\"><span aria-hidden=\"true\" class=\"wp-block-cover__gradient-background has-background-dim\" style=\"background-color:#f1a84e\"><\/span><img loading=\"lazy\" decoding=\"async\" width=\"612\" height=\"367\" class=\"wp-block-cover__image-background wp-image-187\" alt=\"\" src=\"https:\/\/corumtechnologies.com\/wp-content\/uploads\/2022\/04\/Light_grey.png\" data-object-fit=\"cover\" srcset=\"https:\/\/corumtechnologies.com\/wp-content\/uploads\/2022\/04\/Light_grey.png 612w, https:\/\/corumtechnologies.com\/wp-content\/uploads\/2022\/04\/Light_grey-300x180.png 300w\" sizes=\"auto, (max-width: 612px) 100vw, 612px\" \/><div class=\"wp-block-cover__inner-container is-layout-flow wp-block-cover-is-layout-flow\">\n<h2 class=\"has-text-align-center has-large-font-size wp-block-heading\" style=\"text-transform:uppercase;letter-spacing:10px\"><br><br>EFEKTYWNO\u015a\u0106<br><br><\/h2>\n\n\n\n<h2 class=\"alignfull has-text-align-center wp-block-heading\" style=\"font-size:32px;font-style:normal;font-weight:100;letter-spacing:1.5px\">Dostarczamy efektywne rozwi\u0105zania technologiczne maksymalizuj\u0105ce zyski. <\/h2>\n\n\n\n<h2 class=\"alignfull has-text-align-center wp-block-heading\" style=\"font-size:32px;font-style:normal;font-weight:100;letter-spacing:1.5px\"><br>Posiadamy technologie oparte na zarz\u0105dzaniu wiedz\u0105 i realizujemy projekty \u0142\u0105czenia biznes\u00f3w. <br><br><br>Integrujemy biznesy i wsp\u00f3\u0142pracujemy z partnerami z kraj\u00f3w Europy i Azji. <br><\/h2>\n\n\n\n<h2 class=\"alignfull has-text-align-center wp-block-heading\" style=\"font-size:32px;font-style:normal;font-weight:100;letter-spacing:1.5px\">Pomagamy zespo\u0142om usprawnia\u0107 kluczowe przep\u0142ywy produkt\u00f3w i us\u0142ug biznesowych. <\/h2>\n\n\n\n<h2 class=\"alignfull has-text-align-center wp-block-heading\" style=\"font-size:32px;font-style:normal;font-weight:100;letter-spacing:1.5px\"><br>Ograniczamy bariery technologiczne i wsp\u00f3\u0142pracujemy z korzy\u015bci\u0105 dla wszystkich stron. <br><br><br>Gwarantujemy wysok\u0105 jako\u015b\u0107 \u015bwiadczonych us\u0142ug i oferowanych produkt\u00f3w. <br><br><br>Dobieramy us\u0142ug\u0119 produktow\u0105 oraz technologiczn\u0105 opart\u0105 na analizie potrzeb <br>i ustaleniu, czy nasze kompetencje pomog\u0105 zrealizowa\u0107 cel naszego klienta. <br><br><br>Satysfakcja klienta oraz wymierny efekt finansowy wsp\u00f3\u0142pracy s\u0105 dla nas kluczowe.<br><br><br><\/h2>\n<\/div><\/div>\n\n\n\n<p><\/p>\n\n\n\n<figure class=\"wp-block-image alignfull size-large\"><img loading=\"lazy\" decoding=\"async\" width=\"1024\" height=\"683\" src=\"http:\/\/corumtechnologies.com\/wp-content\/uploads\/2022\/04\/Z\u02c6oto-1024x683.jpg\" alt=\"\" class=\"wp-image-446\" srcset=\"https:\/\/corumtechnologies.com\/wp-content\/uploads\/2022\/04\/Z\u02c6oto-1024x683.jpg 1024w, https:\/\/corumtechnologies.com\/wp-content\/uploads\/2022\/04\/Z\u02c6oto-300x200.jpg 300w, https:\/\/corumtechnologies.com\/wp-content\/uploads\/2022\/04\/Z\u02c6oto-768x512.jpg 768w, https:\/\/corumtechnologies.com\/wp-content\/uploads\/2022\/04\/Z\u02c6oto-1536x1024.jpg 1536w, https:\/\/corumtechnologies.com\/wp-content\/uploads\/2022\/04\/Z\u02c6oto-2048x1366.jpg 2048w, https:\/\/corumtechnologies.com\/wp-content\/uploads\/2022\/04\/Z\u02c6oto-930x620.jpg 930w\" sizes=\"auto, (max-width: 1024px) 100vw, 1024px\" \/><\/figure>\n\n\n\n<p><\/p>\n\n\n\n<div class=\"wp-block-cover alignfull is-light\"><span aria-hidden=\"true\" class=\"wp-block-cover__gradient-background has-background-dim\" style=\"background-color:#9cca8d\"><\/span><img loading=\"lazy\" decoding=\"async\" width=\"612\" height=\"367\" class=\"wp-block-cover__image-background wp-image-187\" alt=\"\" src=\"https:\/\/corumtechnologies.com\/wp-content\/uploads\/2022\/04\/Light_grey.png\" data-object-fit=\"cover\" srcset=\"https:\/\/corumtechnologies.com\/wp-content\/uploads\/2022\/04\/Light_grey.png 612w, https:\/\/corumtechnologies.com\/wp-content\/uploads\/2022\/04\/Light_grey-300x180.png 300w\" sizes=\"auto, (max-width: 612px) 100vw, 612px\" \/><div class=\"wp-block-cover__inner-container is-layout-flow wp-block-cover-is-layout-flow\">\n<p><\/p>\n\n\n\n<h2 class=\"has-text-align-center has-large-font-size wp-block-heading\" style=\"text-transform:uppercase;letter-spacing:10px\">dyskrecja<br><br><\/h2>\n\n\n\n<h2 class=\"alignfull has-text-align-center wp-block-heading\" style=\"font-size:32px;font-style:normal;font-weight:100;letter-spacing:1.5px\">Wszystkie \u0142\u0105cz\u0105ce nas relacje biznesowe s\u0105 oparte na przejrzystych zasadach. <br><br>Jeste\u015bmy zaufanym partnerem biznesowym.<br><br> <\/h2>\n\n\n\n<h2 class=\"has-text-align-center wp-block-heading\" style=\"font-size:24px;font-style:normal;font-weight:100\">  <\/h2>\n<\/div><\/div>\n\n\n\n<p><\/p>\n\n\n\n<figure class=\"wp-block-image alignfull size-large\"><img loading=\"lazy\" decoding=\"async\" width=\"1024\" height=\"683\" src=\"http:\/\/corumtechnologies.com\/wp-content\/uploads\/2022\/04\/Wsp\u00a2\u02c6praca-1024x683.jpg\" alt=\"\" class=\"wp-image-447\" srcset=\"https:\/\/corumtechnologies.com\/wp-content\/uploads\/2022\/04\/Wsp\u00a2\u02c6praca-1024x683.jpg 1024w, https:\/\/corumtechnologies.com\/wp-content\/uploads\/2022\/04\/Wsp\u00a2\u02c6praca-300x200.jpg 300w, https:\/\/corumtechnologies.com\/wp-content\/uploads\/2022\/04\/Wsp\u00a2\u02c6praca-768x512.jpg 768w, https:\/\/corumtechnologies.com\/wp-content\/uploads\/2022\/04\/Wsp\u00a2\u02c6praca-1536x1024.jpg 1536w, https:\/\/corumtechnologies.com\/wp-content\/uploads\/2022\/04\/Wsp\u00a2\u02c6praca-2048x1365.jpg 2048w, https:\/\/corumtechnologies.com\/wp-content\/uploads\/2022\/04\/Wsp\u00a2\u02c6praca-930x620.jpg 930w\" sizes=\"auto, (max-width: 1024px) 100vw, 1024px\" \/><\/figure>\n\n\n\n<div class=\"wp-block-cover alignfull\" style=\"min-height:100px;aspect-ratio:unset;\"><span aria-hidden=\"true\" class=\"has-background-dim-100 wp-block-cover__gradient-background has-background-dim\" style=\"background-color:#1e5569\"><\/span><img loading=\"lazy\" decoding=\"async\" width=\"612\" height=\"367\" class=\"wp-block-cover__image-background wp-image-187\" alt=\"\" src=\"https:\/\/corumtechnologies.com\/wp-content\/uploads\/2022\/04\/Light_grey.png\" style=\"object-position:49% 56%\" data-object-fit=\"cover\" data-object-position=\"49% 56%\" srcset=\"https:\/\/corumtechnologies.com\/wp-content\/uploads\/2022\/04\/Light_grey.png 612w, https:\/\/corumtechnologies.com\/wp-content\/uploads\/2022\/04\/Light_grey-300x180.png 300w\" sizes=\"auto, (max-width: 612px) 100vw, 612px\" \/><div class=\"wp-block-cover__inner-container is-layout-flow wp-block-cover-is-layout-flow\">\n<h2 class=\"wp-block-heading\"><\/h2>\n\n\n\n<div class=\"wp-block-image\"><figure class=\"aligncenter size-full\"><img loading=\"lazy\" decoding=\"async\" width=\"512\" height=\"138\" src=\"https:\/\/corumtechnologies.com\/wp-content\/uploads\/2022\/04\/Logo_z_tekstem-cutout.png\" alt=\"\" class=\"wp-image-307\" title=\"\" srcset=\"https:\/\/corumtechnologies.com\/wp-content\/uploads\/2022\/04\/Logo_z_tekstem-cutout.png 512w, https:\/\/corumtechnologies.com\/wp-content\/uploads\/2022\/04\/Logo_z_tekstem-cutout-300x81.png 300w\" sizes=\"auto, (max-width: 512px) 100vw, 512px\" \/><\/figure><\/div>\n\n\n\n<div class=\"wp-block-columns is-layout-flex wp-container-core-columns-is-layout-9d6595d7 wp-block-columns-is-layout-flex\">\n<div class=\"wp-block-column is-layout-flow wp-block-column-is-layout-flow\">\n<h6 class=\"has-text-align-center has-text-color has-medium-font-size wp-block-heading\" style=\"color:#b3932c;font-style:normal;font-weight:100\">95-050 Konstantyn\u00f3w \u0141\u00f3dzki<br>ul. Lipowa 19<br>KRS 0000946211<br>NIP 7312074957<br>Regon 520990394<\/h6>\n<\/div>\n<\/div>\n<\/div><\/div>\n\n\n\n<p><\/p>\n","protected":false},"excerpt":{"rendered":"<p>Zbuduj Z Nami Sw\u00f3j Rozw\u00f3j Gospodarczy<\/p>\n","protected":false},"author":1,"featured_media":0,"parent":0,"menu_order":0,"comment_status":"closed","ping_status":"closed","template":"page-templates\/template-pagebuilder-full-width.php","meta":{"neve_meta_sidebar":"","neve_meta_container":"","neve_meta_enable_content_width":"","neve_meta_content_width":0,"neve_meta_title_alignment":"","neve_meta_author_avatar":"","neve_post_elements_order":"","neve_meta_disable_header":"","neve_meta_disable_footer":"","neve_meta_disable_title":"","footnotes":""},"class_list":["post-173","page","type-page","status-publish","hentry"],"_links":{"self":[{"href":"https:\/\/corumtechnologies.com\/index.php\/wp-json\/wp\/v2\/pages\/173","targetHints":{"allow":["GET"]}}],"collection":[{"href":"https:\/\/corumtechnologies.com\/index.php\/wp-json\/wp\/v2\/pages"}],"about":[{"href":"https:\/\/corumtechnologies.com\/index.php\/wp-json\/wp\/v2\/types\/page"}],"author":[{"embeddable":true,"href":"https:\/\/corumtechnologies.com\/index.php\/wp-json\/wp\/v2\/users\/1"}],"replies":[{"embeddable":true,"href":"https:\/\/corumtechnologies.com\/index.php\/wp-json\/wp\/v2\/comments?post=173"}],"version-history":[{"count":45,"href":"https:\/\/corumtechnologies.com\/index.php\/wp-json\/wp\/v2\/pages\/173\/revisions"}],"predecessor-version":[{"id":516,"href":"https:\/\/corumtechnologies.com\/index.php\/wp-json\/wp\/v2\/pages\/173\/revisions\/516"}],"wp:attachment":[{"href":"https:\/\/corumtechnologies.com\/index.php\/wp-json\/wp\/v2\/media?parent=173"}],"curies":[{"name":"wp","href":"https:\/\/api.w.org\/{rel}","templated":true}]}}